{"id":54,"date":"2019-10-22T17:52:28","date_gmt":"2019-10-22T15:52:28","guid":{"rendered":"http:\/\/geogebra.fespm.es\/?page_id=54"},"modified":"2023-05-17T16:47:36","modified_gmt":"2023-05-17T14:47:36","slug":"presentacion-de-trabajos","status":"publish","type":"page","link":"http:\/\/congresogeogebra.org\/index.php\/presentacion-de-trabajos\/","title":{"rendered":"Presentaci\u00f3n de trabajos"},"content":{"rendered":"<p><style>.page-header-content{background:transparent !important;vertical-align: bottom;}header.sabbi-page-header{min-height: 2.5vw !important;height: 2.5vw !important;}<\/style><\/p>\n<p>Se convoca al profesorado y alumnado de cualquier nivel educativo y a investigadores a presentar sus trabajos en este Congreso Internacional de GeoGebra.<br \/>El plazo para la presentaci\u00f3n de trabajos se extiende hasta el 30 de junio de 2023.<\/p>\n<p>Tanto las propuestas de comunicaciones como de p\u00f3ster se enviar\u00e1n, con un m\u00ednimo de 250 palabras y un m\u00e1ximo de de cuatro p\u00e1ginas, seg\u00fan la plantilla de presentaci\u00f3n que se puede descargar en el siguiente enlace:<\/p>\n\n\n<p><a href=\"https:\/\/congresogeogebra.org\/wp-content\/uploads\/2023\/03\/plantillaGG2023.doc\"><strong>Plantilla presentaci\u00f3n trabajos<\/strong><\/a><\/p>\n\n\n\n<p>Los trabajos (comunicaciones o p\u00f3steres) se enviar\u00e1n a <a href=\"mailto:geogebra@fespm.es\"><strong>geogebra@fespm.es<\/strong><\/a> <\/p>\n\n\n\n<p>Los autores de los p\u00f3ster aceptados por el comit\u00e9 cient\u00edfico deber\u00e1n presentarlos en el congreso en formato A0 (ancho de 841 mm y alto de 1189 mm), con una clara visualizaci\u00f3n del texto y de los gr\u00e1ficos de manera que sean legibles a un metro de distancia.<\/p>\n\n\n\n<p>Los autores de las comunicaciones aceptadas por el comit\u00e9 cient\u00edfico que una vez celebrado el congreso deseen publicarlas en las actas, tendr\u00e1n que enviar la versi\u00f3n completa de la misma.<\/p>\n","protected":false},"excerpt":{"rendered":"<p>Se convoca al profesorado y alumnado de cualquier nivel educativo y a investigadores a presentar sus trabajos en este Congreso Internacional de GeoGebra.El plazo para la presentaci\u00f3n de trabajos se extiende hasta el 30 de junio de 2023. Tanto las propuestas de comunicaciones como de p\u00f3ster se enviar\u00e1n, con un m\u00ednimo de 250 palabras y [&hellip;]<\/p>\n","protected":false},"author":1,"featured_media":0,"parent":0,"menu_order":0,"comment_status":"closed","ping_status":"closed","template":"","meta":[],"_links":{"self":[{"href":"http:\/\/congresogeogebra.org\/index.php\/wp-json\/wp\/v2\/pages\/54"}],"collection":[{"href":"http:\/\/congresogeogebra.org\/index.php\/wp-json\/wp\/v2\/pages"}],"about":[{"href":"http:\/\/congresogeogebra.org\/index.php\/wp-json\/wp\/v2\/types\/page"}],"author":[{"embeddable":true,"href":"http:\/\/congresogeogebra.org\/index.php\/wp-json\/wp\/v2\/users\/1"}],"replies":[{"embeddable":true,"href":"http:\/\/congresogeogebra.org\/index.php\/wp-json\/wp\/v2\/comments?post=54"}],"version-history":[{"count":27,"href":"http:\/\/congresogeogebra.org\/index.php\/wp-json\/wp\/v2\/pages\/54\/revisions"}],"predecessor-version":[{"id":1032,"href":"http:\/\/congresogeogebra.org\/index.php\/wp-json\/wp\/v2\/pages\/54\/revisions\/1032"}],"wp:attachment":[{"href":"http:\/\/congresogeogebra.org\/index.php\/wp-json\/wp\/v2\/media?parent=54"}],"curies":[{"name":"wp","href":"https:\/\/api.w.org\/{rel}","templated":true}]}}