{"id":1308,"date":"2024-12-20T16:38:58","date_gmt":"2024-12-20T14:38:58","guid":{"rendered":"https:\/\/congresogeogebra.org\/?page_id=1308"},"modified":"2024-12-20T17:29:07","modified_gmt":"2024-12-20T15:29:07","slug":"ii-cig","status":"publish","type":"page","link":"https:\/\/congresogeogebra.org\/index.php\/sample-page\/ii-cig\/","title":{"rendered":"II CIG"},"content":{"rendered":"\n<p><strong>II Congreso Internacional GeoGebra<\/strong>&nbsp;(II CIG)<\/p>\n\n\n\n<p><strong>23 al 25 de octubre de 2025<\/strong><\/p>\n\n\n\n<p><a href=\"https:\/\/www.uc.pt\/fctuc\/dmat\/\">Departamento de Matem\u00e1ticas<\/a><\/p>\n\n\n\n<div class=\"wp-block-image\"><figure class=\"aligncenter is-resized\"><img loading=\"lazy\" src=\"https:\/\/congresogeogebra.org\/wp-content\/uploads\/2024\/10\/DMUC-1024x576.png\" alt=\"DMUC\" width=\"512\" height=\"288\"\/><\/figure><\/div>\n\n\n\n<p><a rel=\"noreferrer noopener\" href=\"https:\/\/www.uc.pt\/\" target=\"_blank\">Universidade de Co\u00edmbra<\/a><\/p>\n\n\n\n<div class=\"wp-block-image\"><figure class=\"aligncenter is-resized\"><img loading=\"lazy\" src=\"https:\/\/congresogeogebra.org\/wp-content\/uploads\/2024\/10\/UC_H_FundoClaro-negro-1024x305.png\" alt=\"\" class=\"wp-image-1259\" width=\"512\" height=\"153\" srcset=\"https:\/\/congresogeogebra.org\/wp-content\/uploads\/2024\/10\/UC_H_FundoClaro-negro-1024x305.png 1024w, https:\/\/congresogeogebra.org\/wp-content\/uploads\/2024\/10\/UC_H_FundoClaro-negro-300x89.png 300w, https:\/\/congresogeogebra.org\/wp-content\/uploads\/2024\/10\/UC_H_FundoClaro-negro-768x229.png 768w, https:\/\/congresogeogebra.org\/wp-content\/uploads\/2024\/10\/UC_H_FundoClaro-negro-1536x457.png 1536w, https:\/\/congresogeogebra.org\/wp-content\/uploads\/2024\/10\/UC_H_FundoClaro-negro-2048x610.png 2048w\" sizes=\"(max-width: 512px) 100vw, 512px\" \/><\/figure><\/div>\n\n\n\n<p>Entre el 23 y el 25 de octubre de 2025, el Departamento de Matem\u00e1ticas de la Universidad de Co\u00edmbra, en una iniciativa del M\u00e1ster en Ense\u00f1anza de las Matem\u00e1ticas para la Educaci\u00f3n B\u00e1sica y Secundaria, ser\u00e1 la sede del II Congreso Internacional GeoGebra. Muy pronto, esta p\u00e1gina ser\u00e1 reorganizada para incluir toda la informaci\u00f3n \u00fatil para quienes deseen participar en esta nueva edici\u00f3n. \u00a1En Portugal, en Co\u00edmbra, os esperamos!<\/p>\n\n\n\n<p class=\"has-text-align-center\"><video controls=\"\" src=\"https:\/\/congresogeogebra.org\/wp-content\/uploads\/2024\/10\/Coimbra-o-local-certo-para-visitar.mp4\"><\/p>\n\n\n\n<p><a href=\"https:\/\/www.cm-coimbra.pt\/\" target=\"_blank\" rel=\"noreferrer noopener\">V\u00eddeo dispon\u00edvel em https:\/\/www.cm-coimbra.pt\/<\/a><\/p>\n","protected":false},"excerpt":{"rendered":"<p>II Congreso Internacional GeoGebra&nbsp;(II CIG) 23 al 25 de octubre de 2025 Departamento de Matem\u00e1ticas Universidade de Co\u00edmbra Entre el 23 y el 25 de octubre de 2025, el Departamento de Matem\u00e1ticas de la Universidad de Co\u00edmbra, en una iniciativa del M\u00e1ster en Ense\u00f1anza de las Matem\u00e1ticas para la Educaci\u00f3n B\u00e1sica y Secundaria, ser\u00e1 la [&hellip;]<\/p>\n","protected":false},"author":3,"featured_media":0,"parent":2,"menu_order":0,"comment_status":"closed","ping_status":"closed","template":"","meta":[],"_links":{"self":[{"href":"https:\/\/congresogeogebra.org\/index.php\/wp-json\/wp\/v2\/pages\/1308"}],"collection":[{"href":"https:\/\/congresogeogebra.org\/index.php\/wp-json\/wp\/v2\/pages"}],"about":[{"href":"https:\/\/congresogeogebra.org\/index.php\/wp-json\/wp\/v2\/types\/page"}],"author":[{"embeddable":true,"href":"https:\/\/congresogeogebra.org\/index.php\/wp-json\/wp\/v2\/users\/3"}],"replies":[{"embeddable":true,"href":"https:\/\/congresogeogebra.org\/index.php\/wp-json\/wp\/v2\/comments?post=1308"}],"version-history":[{"count":6,"href":"https:\/\/congresogeogebra.org\/index.php\/wp-json\/wp\/v2\/pages\/1308\/revisions"}],"predecessor-version":[{"id":1322,"href":"https:\/\/congresogeogebra.org\/index.php\/wp-json\/wp\/v2\/pages\/1308\/revisions\/1322"}],"up":[{"embeddable":true,"href":"https:\/\/congresogeogebra.org\/index.php\/wp-json\/wp\/v2\/pages\/2"}],"wp:attachment":[{"href":"https:\/\/congresogeogebra.org\/index.php\/wp-json\/wp\/v2\/media?parent=1308"}],"curies":[{"name":"wp","href":"https:\/\/api.w.org\/{rel}","templated":true}]}}

<p><strong>II Congreso Internacional GeoGebra</strong>&nbsp;(II CIG)</p>



<p><strong>23 al 25 de octubre de 2025</strong></p>



<p><a href="https://www.uc.pt/fctuc/dmat/">Departamento de Matemáticas</a></p>



<div class="wp-block-image"><figure class="aligncenter is-resized"><img loading="lazy" src="https://congresogeogebra.org/wp-content/uploads/2024/10/DMUC-1024x576.png" alt="DMUC" width="512" height="288"/></figure></div>



<p><a rel="noreferrer noopener" href="https://www.uc.pt/" target="_blank">Universidade de Coímbra</a></p>



<div class="wp-block-image"><figure class="aligncenter is-resized"><img loading="lazy" src="https://congresogeogebra.org/wp-content/uploads/2024/10/UC_H_FundoClaro-negro-1024x305.png" alt="" class="wp-image-1259" width="512" height="153" srcset="https://congresogeogebra.org/wp-content/uploads/2024/10/UC_H_FundoClaro-negro-1024x305.png 1024w, https://congresogeogebra.org/wp-content/uploads/2024/10/UC_H_FundoClaro-negro-300x89.png 300w, https://congresogeogebra.org/wp-content/uploads/2024/10/UC_H_FundoClaro-negro-768x229.png 768w, https://congresogeogebra.org/wp-content/uploads/2024/10/UC_H_FundoClaro-negro-1536x457.png 1536w, https://congresogeogebra.org/wp-content/uploads/2024/10/UC_H_FundoClaro-negro-2048x610.png 2048w" sizes="(max-width: 512px) 100vw, 512px" /></figure></div>



<p>Entre el 23 y el 25 de octubre de 2025, el Departamento de Matemáticas de la Universidad de Coímbra, en una iniciativa del Máster en Enseñanza de las Matemáticas para la Educación Básica y Secundaria, será la sede del II Congreso Internacional GeoGebra. Muy pronto, esta página será reorganizada para incluir toda la información útil para quienes deseen participar en esta nueva edición. ¡En Portugal, en Coímbra, os esperamos!</p>



<p class="has-text-align-center"><video controls="" src="https://congresogeogebra.org/wp-content/uploads/2024/10/Coimbra-o-local-certo-para-visitar.mp4"></p>



<p><a href="https://www.cm-coimbra.pt/" target="_blank" rel="noreferrer noopener">Vídeo disponível em https://www.cm-coimbra.pt/</a></p>

<p>II Congreso Internacional GeoGebra&nbsp;(II CIG) 23 al 25 de octubre de 2025 Departamento de Matemáticas Universidade de Coímbra Entre el 23 y el 25 de octubre de 2025, el Departamento de Matemáticas de la Universidad de Coímbra, en una iniciativa del Máster en Enseñanza de las Matemáticas para la Educación Básica y Secundaria, será la [&hellip;]</p>
