{"id":188,"date":"2019-11-26T21:12:45","date_gmt":"2019-11-26T19:12:45","guid":{"rendered":"http:\/\/geogebra.fespm.es\/?page_id=188"},"modified":"2025-09-16T00:55:42","modified_gmt":"2025-09-15T22:55:42","slug":"inscripcion-2","status":"publish","type":"page","link":"https:\/\/congresogeogebra.org\/index.php\/inscripcion-2\/","title":{"rendered":"Inscripci\u00f3n"},"content":{"rendered":"<style>.page-header-content{background:transparent !important;vertical-align: bottom;}header.sabbi-page-header{min-height: 2.5vw !important;height: 2.5vw !important;}<\/style>\n\n\n<p>Para registrarse es necesario completar <a href=\"https:\/\/congresogeogebra.org\/index.php\/inscripcion\/\" target=\"_blank\" rel=\"noreferrer noopener\">el formulario<\/a> con todos los datos y efectuar el pago de la tasa de inscripci\u00f3n a trav\u00e9s de la tienda en l\u00ednea de la Universidad de Coimbra: <a rel=\"noreferrer noopener\" href=\"https:\/\/lojas.ci.uc.pt\/uc\/index.php?cPath=497\" target=\"_blank\">https:\/\/lojas.ci.uc.pt\/uc\/index.php?cPath=497<\/a> <\/p>\n\n\n\n<p>Las tasas de inscripci\u00f3n se detallan seg\u00fan los siguientes periodos y beneficios:<\/p>\n\n\n\n<figure class=\"wp-block-table\"><table><tbody><tr><td><strong>Fecha de Pago<\/strong><\/td><td class=\"has-text-align-center\" data-align=\"center\">Socios FISEM o FESPM<\/td><td class=\"has-text-align-center\" data-align=\"center\">Estudiantes<\/td><td class=\"has-text-align-center\" data-align=\"center\">No socios<\/td><\/tr><tr><td>Hasta el 30 de septiembre de 2025<\/td><td class=\"has-text-align-center\" data-align=\"center\">80 \u20ac<\/td><td class=\"has-text-align-center\" data-align=\"center\">50 \u20ac<\/td><td class=\"has-text-align-center\" data-align=\"center\">100 \u20ac<\/td><\/tr><tr><td>Del 1 de octubre al 15 de octubre de 2025<\/td><td class=\"has-text-align-center\" data-align=\"center\">100 \u20ac<\/td><td class=\"has-text-align-center\" data-align=\"center\">50 \u20ac<\/td><td class=\"has-text-align-center\" data-align=\"center\">120 \u20ac<\/td><\/tr><\/tbody><\/table><\/figure>\n\n\n\n<p>Para acreditar la pertenencia a FISEM o FESPM, debe indicarlo al registrarse en la web; con los datos introducidos, se verificar\u00e1 la condici\u00f3n de socio de FISEM o FESPM.<\/p>\n\n\n\n<p>La inscripci\u00f3n no ser\u00e1 reembolsada salvo por causas graves debidamente justificadas.<\/p>\n","protected":false},"excerpt":{"rendered":"<p>Para registrarse es necesario completar el formulario con todos los datos y efectuar el pago de la tasa de inscripci\u00f3n a trav\u00e9s de la tienda en l\u00ednea de la Universidad de Coimbra: https:\/\/lojas.ci.uc.pt\/uc\/index.php?cPath=497 Las tasas de inscripci\u00f3n se detallan seg\u00fan los siguientes periodos y beneficios: Fecha de Pago Socios FISEM o FESPM Estudiantes No socios [&hellip;]<\/p>\n","protected":false},"author":1,"featured_media":0,"parent":0,"menu_order":0,"comment_status":"closed","ping_status":"closed","template":"","meta":[],"_links":{"self":[{"href":"https:\/\/congresogeogebra.org\/index.php\/wp-json\/wp\/v2\/pages\/188"}],"collection":[{"href":"https:\/\/congresogeogebra.org\/index.php\/wp-json\/wp\/v2\/pages"}],"about":[{"href":"https:\/\/congresogeogebra.org\/index.php\/wp-json\/wp\/v2\/types\/page"}],"author":[{"embeddable":true,"href":"https:\/\/congresogeogebra.org\/index.php\/wp-json\/wp\/v2\/users\/1"}],"replies":[{"embeddable":true,"href":"https:\/\/congresogeogebra.org\/index.php\/wp-json\/wp\/v2\/comments?post=188"}],"version-history":[{"count":20,"href":"https:\/\/congresogeogebra.org\/index.php\/wp-json\/wp\/v2\/pages\/188\/revisions"}],"predecessor-version":[{"id":2021,"href":"https:\/\/congresogeogebra.org\/index.php\/wp-json\/wp\/v2\/pages\/188\/revisions\/2021"}],"wp:attachment":[{"href":"https:\/\/congresogeogebra.org\/index.php\/wp-json\/wp\/v2\/media?parent=188"}],"curies":[{"name":"wp","href":"https:\/\/api.w.org\/{rel}","templated":true}]}}