{"id":1892,"date":"2025-04-11T11:01:35","date_gmt":"2025-04-11T09:01:35","guid":{"rendered":"https:\/\/congresogeogebra.org\/?page_id=1892"},"modified":"2025-10-22T16:11:32","modified_gmt":"2025-10-22T14:11:32","slug":"informaciones","status":"publish","type":"page","link":"https:\/\/congresogeogebra.org\/index.php\/informaciones\/","title":{"rendered":"Informaciones"},"content":{"rendered":"\n<p><img loading=\"lazy\" width=\"1258\" height=\"935\" class=\"wp-image-1918\" style=\"width: 500px;\" src=\"http:\/\/congresogeogebra.org\/wp-content\/uploads\/2025\/04\/mapa_fotos.0011-1.jpeg\" alt=\"\" srcset=\"https:\/\/congresogeogebra.org\/wp-content\/uploads\/2025\/04\/mapa_fotos.0011-1.jpeg 1258w, https:\/\/congresogeogebra.org\/wp-content\/uploads\/2025\/04\/mapa_fotos.0011-1-300x223.jpeg 300w, https:\/\/congresogeogebra.org\/wp-content\/uploads\/2025\/04\/mapa_fotos.0011-1-1024x761.jpeg 1024w, https:\/\/congresogeogebra.org\/wp-content\/uploads\/2025\/04\/mapa_fotos.0011-1-768x571.jpeg 768w\" sizes=\"(max-width: 1258px) 100vw, 1258px\" \/> <\/p>\n\n\n\n<p>11\/04\/2025 &#8211; Apertura de la p\u00e1gina web e inicio de las inscripciones<br>15\/09\/2025 &#8211; El plazo de inscripci\u00f3n reducida se ha ampliado hasta el 30 de septiembre, pudi\u00e9ndose realizar con recargo en la tasa de inscripci\u00f3n hasta el 15 de octubre.<br>22\/10\/2025 &#8211; Publicaci\u00f3n del Programa Final<\/p>\n","protected":false},"excerpt":{"rendered":"<p>11\/04\/2025 &#8211; Apertura de la p\u00e1gina web e inicio de las inscripciones15\/09\/2025 &#8211; El plazo de inscripci\u00f3n reducida se ha ampliado hasta el 30 de septiembre, pudi\u00e9ndose realizar con recargo en la tasa de inscripci\u00f3n hasta el 15 de octubre.22\/10\/2025 &#8211; Publicaci\u00f3n del Programa Final<\/p>\n","protected":false},"author":3,"featured_media":0,"parent":0,"menu_order":0,"comment_status":"closed","ping_status":"closed","template":"","meta":[],"_links":{"self":[{"href":"https:\/\/congresogeogebra.org\/index.php\/wp-json\/wp\/v2\/pages\/1892"}],"collection":[{"href":"https:\/\/congresogeogebra.org\/index.php\/wp-json\/wp\/v2\/pages"}],"about":[{"href":"https:\/\/congresogeogebra.org\/index.php\/wp-json\/wp\/v2\/types\/page"}],"author":[{"embeddable":true,"href":"https:\/\/congresogeogebra.org\/index.php\/wp-json\/wp\/v2\/users\/3"}],"replies":[{"embeddable":true,"href":"https:\/\/congresogeogebra.org\/index.php\/wp-json\/wp\/v2\/comments?post=1892"}],"version-history":[{"count":6,"href":"https:\/\/congresogeogebra.org\/index.php\/wp-json\/wp\/v2\/pages\/1892\/revisions"}],"predecessor-version":[{"id":2106,"href":"https:\/\/congresogeogebra.org\/index.php\/wp-json\/wp\/v2\/pages\/1892\/revisions\/2106"}],"wp:attachment":[{"href":"https:\/\/congresogeogebra.org\/index.php\/wp-json\/wp\/v2\/media?parent=1892"}],"curies":[{"name":"wp","href":"https:\/\/api.w.org\/{rel}","templated":true}]}}