{"id":2,"date":"2019-10-19T16:59:41","date_gmt":"2019-10-19T16:59:41","guid":{"rendered":"http:\/\/geogebra.fespm.es\/?page_id=2"},"modified":"2025-10-27T17:47:02","modified_gmt":"2025-10-27T15:47:02","slug":"sample-page","status":"publish","type":"page","link":"https:\/\/congresogeogebra.org\/index.php\/en\/sample-page\/","title":{"rendered":"Inicio"},"content":{"rendered":"\n<p><strong>II Congreso Internacional GeoGebra<\/strong><\/p>\n\n\n\n<p><strong>Lugar del Congreso:<\/strong> Departamento de Matem\u00e1ticas de la Universidad de Co\u00edmbra.<\/p>\n\n\n\n<div class=\"wp-block-image\"><figure class=\"aligncenter size-large is-resized\"><img loading=\"lazy\" src=\"https:\/\/congresogeogebra.org\/wp-content\/uploads\/2025\/04\/dmuc-1.png\" alt=\"\" class=\"wp-image-1928\" width=\"325\" height=\"182\" srcset=\"https:\/\/congresogeogebra.org\/wp-content\/uploads\/2025\/04\/dmuc-1.png 400w, https:\/\/congresogeogebra.org\/wp-content\/uploads\/2025\/04\/dmuc-1-300x169.png 300w\" sizes=\"(max-width: 325px) 100vw, 325px\" \/><\/figure><\/div>\n\n\n\n<p>El comit\u00e9 organizador agradece a todos los participantes por la calidad de todas las aportaciones que enriquecieron tres d\u00edas intensos de intercambio <a href=\"https:\/\/congresogeogebra.org\/index.php\/fotos\/\" data-type=\"page\" data-id=\"2131\">(algunas fotos)<\/a><\/p>\n\n\n\n<p>\u00a1Nos vemos en Cuenca, Ecuador, en 2027!<\/p>\n\n\n\n<div class=\"wp-block-image\"><figure class=\"aligncenter size-large is-resized\"><img loading=\"lazy\" src=\"http:\/\/congresogeogebra.org\/wp-content\/uploads\/2025\/10\/Flag_of_Ecuador.svg_-1024x683.png\" alt=\"\" class=\"wp-image-2178\" width=\"336\" height=\"192\"\/><\/figure><\/div>\n\n\n\n<p><\/p>\n","protected":false},"excerpt":{"rendered":"<p>II Congreso Internacional GeoGebra Lugar del Congreso: Departamento de Matem\u00e1ticas de la Universidad de Co\u00edmbra. El comit\u00e9 organizador agradece a todos los participantes por la calidad de todas las aportaciones que enriquecieron tres d\u00edas intensos de intercambio (algunas fotos) \u00a1Nos vemos en Cuenca, Ecuador, en 2027!<\/p>\n","protected":false},"author":1,"featured_media":0,"parent":0,"menu_order":0,"comment_status":"closed","ping_status":"open","template":"","meta":[],"_links":{"self":[{"href":"https:\/\/congresogeogebra.org\/index.php\/wp-json\/wp\/v2\/pages\/2"}],"collection":[{"href":"https:\/\/congresogeogebra.org\/index.php\/wp-json\/wp\/v2\/pages"}],"about":[{"href":"https:\/\/congresogeogebra.org\/index.php\/wp-json\/wp\/v2\/types\/page"}],"author":[{"embeddable":true,"href":"https:\/\/congresogeogebra.org\/index.php\/wp-json\/wp\/v2\/users\/1"}],"replies":[{"embeddable":true,"href":"https:\/\/congresogeogebra.org\/index.php\/wp-json\/wp\/v2\/comments?post=2"}],"version-history":[{"count":67,"href":"https:\/\/congresogeogebra.org\/index.php\/wp-json\/wp\/v2\/pages\/2\/revisions"}],"predecessor-version":[{"id":2194,"href":"https:\/\/congresogeogebra.org\/index.php\/wp-json\/wp\/v2\/pages\/2\/revisions\/2194"}],"wp:attachment":[{"href":"https:\/\/congresogeogebra.org\/index.php\/wp-json\/wp\/v2\/media?parent=2"}],"curies":[{"name":"wp","href":"https:\/\/api.w.org\/{rel}","templated":true}]}}