{"id":256,"date":"2019-12-03T19:39:18","date_gmt":"2019-12-03T17:39:18","guid":{"rendered":"http:\/\/congresogeogebra.org\/?page_id=256"},"modified":"2024-11-17T23:24:25","modified_gmt":"2024-11-17T21:24:25","slug":"como-llegar","status":"publish","type":"page","link":"https:\/\/congresogeogebra.org\/index.php\/como-llegar\/","title":{"rendered":"C\u00f3mo llegar a Coimbra"},"content":{"rendered":"<style>.page-header-content{background:transparent !important;vertical-align: bottom;}header.sabbi-page-header{min-height: 2.5vw !important;height: 2.5vw !important;}<\/style>\n\n\n<p>Coimbra \u00e9 mundialmente conocida pela sua Universidade, \u00e9 uma das universidades mais antigas do mundo ainda em opera\u00e7\u00e3o, foi criada a 1 de Mar\u00e7o de 1290 pelo rei D. Dinis I. <\/p>\n\n\n\n<div class=\"wp-block-image\"><figure class=\"aligncenter size-large is-resized\"><img loading=\"lazy\" src=\"https:\/\/congresogeogebra.org\/wp-content\/uploads\/2024\/11\/DinisI-UniCoimbra.jpg\" alt=\"\" class=\"wp-image-1297\" width=\"264\" height=\"198\" srcset=\"https:\/\/congresogeogebra.org\/wp-content\/uploads\/2024\/11\/DinisI-UniCoimbra.jpg 375w, https:\/\/congresogeogebra.org\/wp-content\/uploads\/2024\/11\/DinisI-UniCoimbra-300x225.jpg 300w\" sizes=\"(max-width: 264px) 100vw, 264px\" \/><figcaption>Est\u00e1tua do rei D. Dinis, a sua esquerda se encontra o Departamento de Matem\u00e1tica da Universidade de Coimbra. <\/figcaption><\/figure><\/div>\n\n\n\n<p>A Coimbra pode viajar por comboio, ou auto-estrada, com liga\u00e7\u00f5es a partir dos aeroportos internacionais situados no Porto ou em Lisboa. <\/p>\n\n\n\n<p><strong><strong>Por avi\u00f3n<\/strong><\/strong><\/p>\n\n\n\n<p>Se decidir voar para Porto, aterrar\u00e1 no Aeroporto Internacional Francisco S\u00e1 carneiro. A partir deste aeroporto t\u00eam liga\u00e7\u00e3o de Metro para a Esta\u00e7\u00e3o e Terminal de Bus de Campanh\u00e3 com liga\u00e7\u00f5es \u00e0 Cidade de Coimbra.<\/p>\n\n\n\n<p>Se decidir voar para Lisboa, aterrar\u00e1 no Aeroporto Internacional Humberto Delgado. A partir deste aeroporto t\u00eam liga\u00e7\u00e3o de Metro para a Esta\u00e7\u00e3o e Terminal de Bus do Oriente com liga\u00e7\u00f5es \u00e0 Cidade de Coimbra.<\/p>\n\n\n\n<p><strong><strong>En autom\u00f3vil<\/strong><\/strong><\/p>\n\n\n\n<p>Coimbra \u00e9 perfeitamente comunicada por estrada. A rede de autoestradas europeias com destino a Portugal conectam com a autoestrada A1, que liga Porto a Lisboa, com dois n\u00f3s de liga\u00e7\u00e3o a cidade de Coimbra.<\/p>\n\n\n\n<p>C\u00f3rdoba es un destino abierto al mundo, por lo que est\u00e1 bien comunicado y se puede viajar por tren y carretera o por avi\u00f3n llegando a Sevilla o Granada.<\/p>\n\n\n\n<p><strong>Por avi\u00f3n<\/strong><\/p>\n\n\n\n<p>Si decides volar a Sevilla, aterrizar\u00e1s en el\nAeropuerto de Sevilla, tambi\u00e9n llamado Aeropuerto de San Pablo. Un aeropuerto de primer nivel en una ciudad que\nposee una larga tradici\u00f3n aeron\u00e1utica. No en vano, junto al aeropuerto de\nSevilla, se extiende uno de los complejos aeron\u00e1uticos m\u00e1s importantes de\nEuropa.<\/p>\n\n\n\n<p>Desde el aeropuerto de Sevilla puedes llegar a la Estaci\u00f3n de Santa Justa para tomar un tren de alta velocidad para desplazarte a C\u00f3rdoba. El trayecto en tren dura unos 45 minutos. Tambi\u00e9n es posible viajar en autob\u00fas desde Sevilla.<\/p>\n\n\n\n<p><strong>Por tren<\/strong><\/p>\n\n\n\n<p>C\u00f3rdoba es una ciudad pionera en el desarrollo de la alta velocidad en Espa\u00f1a. De hecho, se encuentra en la primera l\u00ednea ferroviaria de alta velocidad que se construy\u00f3 en nuestro pa\u00eds con motivo de la EXPO en 1992.<\/p>\n\n\n\n<p>Actualmente puedes llegar a la Estaci\u00f3n de&nbsp;C\u00f3rdoba en l\u00edneas de alta velocidad desde distintas ciudades espa\u00f1olas, las m\u00e1s cercanas son Sevilla, M\u00e1laga, Granada y Madrid.<\/p>\n\n\n\n<p><strong>En autom\u00f3vil<\/strong><\/p>\n\n\n\n<p>C\u00f3rdoba se encuentra perfectamente comunicada por carretera. Una red de autov\u00edas la conectan desde todos los puntos cardinales: la A-92 con M\u00e1laga y Granada, la A-4 con Sevilla y Madrid.<\/p>\n\n\n\n<p>Fuente: <\/p>\n","protected":false},"excerpt":{"rendered":"<p>Coimbra \u00e9 mundialmente conocida pela sua Universidade, \u00e9 uma das universidades mais antigas do mundo ainda em opera\u00e7\u00e3o, foi criada a 1 de Mar\u00e7o de 1290 pelo rei D. Dinis I. A Coimbra pode viajar por comboio, ou auto-estrada, com liga\u00e7\u00f5es a partir dos aeroportos internacionais situados no Porto ou em Lisboa. Por avi\u00f3n Se [&hellip;]<\/p>\n","protected":false},"author":1,"featured_media":0,"parent":0,"menu_order":0,"comment_status":"closed","ping_status":"closed","template":"","meta":[],"_links":{"self":[{"href":"https:\/\/congresogeogebra.org\/index.php\/wp-json\/wp\/v2\/pages\/256"}],"collection":[{"href":"https:\/\/congresogeogebra.org\/index.php\/wp-json\/wp\/v2\/pages"}],"about":[{"href":"https:\/\/congresogeogebra.org\/index.php\/wp-json\/wp\/v2\/types\/page"}],"author":[{"embeddable":true,"href":"https:\/\/congresogeogebra.org\/index.php\/wp-json\/wp\/v2\/users\/1"}],"replies":[{"embeddable":true,"href":"https:\/\/congresogeogebra.org\/index.php\/wp-json\/wp\/v2\/comments?post=256"}],"version-history":[{"count":6,"href":"https:\/\/congresogeogebra.org\/index.php\/wp-json\/wp\/v2\/pages\/256\/revisions"}],"predecessor-version":[{"id":1303,"href":"https:\/\/congresogeogebra.org\/index.php\/wp-json\/wp\/v2\/pages\/256\/revisions\/1303"}],"wp:attachment":[{"href":"https:\/\/congresogeogebra.org\/index.php\/wp-json\/wp\/v2\/media?parent=256"}],"curies":[{"name":"wp","href":"https:\/\/api.w.org\/{rel}","templated":true}]}}