{"id":258,"date":"2019-12-03T19:40:14","date_gmt":"2019-12-03T17:40:14","guid":{"rendered":"http:\/\/congresogeogebra.org\/?page_id=258"},"modified":"2023-03-24T10:58:19","modified_gmt":"2023-03-24T08:58:19","slug":"ciudad","status":"publish","type":"page","link":"https:\/\/congresogeogebra.org\/index.php\/ciudad\/","title":{"rendered":"Visitar C\u00f3rdoba"},"content":{"rendered":"<style>.page-header-content{background:transparent !important;vertical-align: bottom;}header.sabbi-page-header{min-height: 2.5vw !important;height: 2.5vw !important;}<\/style>\n\n\n<h2>Visitar C\u00f3rdoba<\/h2>\n\n\n\n<p>Como dice la canci\u00f3n de Medina Azahara, \u00abC\u00f3rdoba llegando al d\u00eda tu me enamoras, y por la noche me embrujas sola<br>y con tu magia me haces so\u00f1ar\u00bb, por lo que esperamos que te enamore, embruje y te haga so\u00f1ar durante tu estancia en nuestro congrego. <\/p>\n\n\n\n<p>Te ofrecemos alguna informaci\u00f3n esperando que te resulten de utilidad para planificar tu visita.<\/p>\n\n\n\n<p><a href=\"https:\/\/www.turismodecordoba.org\">Turismo C\u00f3rdoba<\/a><\/p>\n\n\n\n<p><a href=\"https:\/\/guias-viajar.com\/espana\/cordoba-visitas-imprescindibles\/\">\u00bfQu\u00e9 ver en C\u00f3rdoba?<\/a><\/p>\n\n\n\n<p>Y no olvides que otra cosa que puedes hacer es disfrutar de las tapas que C\u00f3rdoba ofrece en sus bares y restaurantes. Para esta actividad prepararemos una detallada informaci\u00f3n que te entregaremos en el momento de tu acreditaci\u00f3n en el congreso internacional de GeoGebra.<\/p>\n","protected":false},"excerpt":{"rendered":"<p>Visitar C\u00f3rdoba Como dice la canci\u00f3n de Medina Azahara, \u00abC\u00f3rdoba llegando al d\u00eda tu me enamoras, y por la noche me embrujas solay con tu magia me haces so\u00f1ar\u00bb, por lo que esperamos que te enamore, embruje y te haga so\u00f1ar durante tu estancia en nuestro congrego. Te ofrecemos alguna informaci\u00f3n esperando que te resulten [&hellip;]<\/p>\n","protected":false},"author":1,"featured_media":0,"parent":0,"menu_order":0,"comment_status":"closed","ping_status":"closed","template":"","meta":[],"_links":{"self":[{"href":"https:\/\/congresogeogebra.org\/index.php\/wp-json\/wp\/v2\/pages\/258"}],"collection":[{"href":"https:\/\/congresogeogebra.org\/index.php\/wp-json\/wp\/v2\/pages"}],"about":[{"href":"https:\/\/congresogeogebra.org\/index.php\/wp-json\/wp\/v2\/types\/page"}],"author":[{"embeddable":true,"href":"https:\/\/congresogeogebra.org\/index.php\/wp-json\/wp\/v2\/users\/1"}],"replies":[{"embeddable":true,"href":"https:\/\/congresogeogebra.org\/index.php\/wp-json\/wp\/v2\/comments?post=258"}],"version-history":[{"count":6,"href":"https:\/\/congresogeogebra.org\/index.php\/wp-json\/wp\/v2\/pages\/258\/revisions"}],"predecessor-version":[{"id":770,"href":"https:\/\/congresogeogebra.org\/index.php\/wp-json\/wp\/v2\/pages\/258\/revisions\/770"}],"wp:attachment":[{"href":"https:\/\/congresogeogebra.org\/index.php\/wp-json\/wp\/v2\/media?parent=258"}],"curies":[{"name":"wp","href":"https:\/\/api.w.org\/{rel}","templated":true}]}}