{"id":467,"date":"2020-01-12T14:40:28","date_gmt":"2020-01-12T12:40:28","guid":{"rendered":"http:\/\/congresogeogebra.org\/?page_id=467"},"modified":"2025-05-04T20:37:13","modified_gmt":"2025-05-04T18:37:13","slug":"organizer-committee","status":"publish","type":"page","link":"https:\/\/congresogeogebra.org\/index.php\/en\/organizer-committee\/","title":{"rendered":"Organising committee"},"content":{"rendered":"\n<p class=\"has-medium-font-size\"><strong>Organising committee<\/strong><\/p>\n\n\n\n<figure class=\"wp-block-table\"><table><tbody><tr><td>Agustin Carrillo De Albornoz y Torres<\/td><td>Spanish Federation of Mathematics Teachers\u2019 Societies<\/td><\/tr><tr><td>Alexandre Emanuel Batista da Silva Trocado<\/td><td>Cam\u00f5es School<\/td><\/tr><tr><td>Daniel Marques Pinto&nbsp;<\/td><td>University of Coimbra<\/td><\/tr><tr><td>Joana Teles&nbsp;<\/td><td>University of Coimbra<\/td><\/tr><tr><td>Jos\u00e9 Manuel Dos Santos Dos Santos<\/td><td>University of Coimbra<\/td><\/tr><tr><td>Jos\u00e9 Mar\u00eda Chac\u00f3n \u00cd\u00f1igo<\/td><td>Andalusian Society of Mathematics Education Thales<\/td><\/tr><tr><td>Juan Antonio Reyes Delgado<\/td><td>Andalusian Society of Mathematics Education Thales<\/td><\/tr><tr><td>Marcio Almeida<\/td><td>Federal Institute of S\u00e3o Paulo<\/td><\/tr><tr><td>Paulo Correia<\/td><td>Secondary School of Alc\u00e1cer do Sal<\/td><\/tr><\/tbody><\/table><\/figure>\n\n\n\n<p class=\"has-medium-font-size\"><strong>Local Support Committee<\/strong><\/p>\n\n\n\n<figure class=\"wp-block-table\"><table><tbody><tr><td><strong>Master\u2019s Students in Teaching Mathematics \u2013 Lower and Upper Secondary<\/strong><\/td><\/tr><tr><td>Beatriz Ester Marques Preto<\/td><\/tr><tr><td>Jo\u00e3o Manuel Daniel da Silva&nbsp;<\/td><\/tr><tr><td>Jos\u00e9 Ernesto G\u00e2ndara Lucas<\/td><\/tr><tr><td>Mafalda Neves Pena de Morais Sarmento<\/td><\/tr><tr><td>Manuel Pizarro<\/td><\/tr><tr><td>T\u00e2nia Sofia Riqueza da Silva Monteiro<\/td><\/tr><tr><td>Teresa Pereira Freitas<\/td><\/tr><\/tbody><\/table><\/figure>\n","protected":false},"excerpt":{"rendered":"<p>Organising committee Agustin Carrillo De Albornoz y Torres Spanish Federation of Mathematics Teachers\u2019 Societies Alexandre Emanuel Batista da Silva Trocado Cam\u00f5es School Daniel Marques Pinto&nbsp; University of Coimbra Joana Teles&nbsp; University of Coimbra Jos\u00e9 Manuel Dos Santos Dos Santos University of Coimbra Jos\u00e9 Mar\u00eda Chac\u00f3n \u00cd\u00f1igo Andalusian Society of Mathematics Education Thales Juan Antonio Reyes [&hellip;]<\/p>\n","protected":false},"author":1,"featured_media":0,"parent":0,"menu_order":0,"comment_status":"closed","ping_status":"closed","template":"","meta":[],"_links":{"self":[{"href":"https:\/\/congresogeogebra.org\/index.php\/wp-json\/wp\/v2\/pages\/467"}],"collection":[{"href":"https:\/\/congresogeogebra.org\/index.php\/wp-json\/wp\/v2\/pages"}],"about":[{"href":"https:\/\/congresogeogebra.org\/index.php\/wp-json\/wp\/v2\/types\/page"}],"author":[{"embeddable":true,"href":"https:\/\/congresogeogebra.org\/index.php\/wp-json\/wp\/v2\/users\/1"}],"replies":[{"embeddable":true,"href":"https:\/\/congresogeogebra.org\/index.php\/wp-json\/wp\/v2\/comments?post=467"}],"version-history":[{"count":7,"href":"https:\/\/congresogeogebra.org\/index.php\/wp-json\/wp\/v2\/pages\/467\/revisions"}],"predecessor-version":[{"id":1988,"href":"https:\/\/congresogeogebra.org\/index.php\/wp-json\/wp\/v2\/pages\/467\/revisions\/1988"}],"wp:attachment":[{"href":"https:\/\/congresogeogebra.org\/index.php\/wp-json\/wp\/v2\/media?parent=467"}],"curies":[{"name":"wp","href":"https:\/\/api.w.org\/{rel}","templated":true}]}}