{"id":494,"date":"2020-01-14T13:58:42","date_gmt":"2020-01-14T11:58:42","guid":{"rendered":"http:\/\/congresogeogebra.org\/?page_id=494"},"modified":"2025-06-13T11:40:00","modified_gmt":"2025-06-13T09:40:00","slug":"prazos-e-normas","status":"publish","type":"page","link":"https:\/\/congresogeogebra.org\/index.php\/pt\/prazos-e-normas\/","title":{"rendered":"Prazos e normas"},"content":{"rendered":"<style>.page-header-content{background:transparent !important;vertical-align: bottom;}header.sabbi-page-header{min-height: 2.5vw !important;height: 2.5vw !important;}<\/style>\n<p><strong>Prazos e normas:<\/strong><\/p>\n<ul>\n<li>O prazo para envio de trabalhos termina em 30 de junho de 2025.<\/li>\n<li>Todas as notifica\u00e7\u00f5es sobre a avalia\u00e7\u00e3o pelo comit\u00e9 cient\u00edfico dos trabalhos apresentados ser\u00e3o feitas pela organiza\u00e7\u00e3o antes de 31 de julho de 2025.<\/li>\n<li>O n\u00famero m\u00e1ximo de autores que podem assinar um trabalho ser\u00e1 quatro.<\/li>\n<li>Os autores ter\u00e3o at\u00e9 15 de setembro de 2025 para pagar a taxa de inscri\u00e7\u00e3o, caso n\u00e3o o tenham feito com anteced\u00eancia.<\/li>\n<li>Para a aceita\u00e7\u00e3o definitiva de um trabalho carece da inscri\u00e7\u00e3o do autor. No caso de o trabalho ter mais de um autor ser\u00e1 necess\u00e1rio que pelo menos metade dos autores estejam inscritos no congresso (se o trabalho for assinado por tr\u00eas autores, pelo menos dois dever\u00e3o ser registrados no congresso).<\/li>\n<\/ul>\n<p>Os autores na modalidade de comunica\u00e7\u00e3o e p\u00f4steres poder\u00e3o enviar para avalia\u00e7\u00e3o da comiss\u00e3o cient\u00edfica um resumo ou resumo estendido, com no m\u00ednimo 250 palavras e no m\u00e1ximo quatro p\u00e1ginas.<\/p>\n<p>Os trabalhos devem ser apresentados em espanhol, ingl\u00eas ou portugu\u00eas.<\/p>\n<p>Os trabalhos ser\u00e3o enviados para <strong><a href=\"mailto:iicig-coimbra@mat.uc.pt\">iicig-coimbra@mat.uc.pt<\/a><\/strong><\/p>\n<p>Realizado o congresso, os trabalhos aceitos poder\u00e3o ser publicados em ata, se o autor desejar, para o qual enviar\u00e1 o texto final, de acordo com as caracter\u00edsticas do arquivo estabelecidas no modelo a seguir, <a href=\"http:\/\/congresogeogebra.org\/wp-content\/uploads\/2025\/01\/plantillaGG_PT_2025.doc\"><strong data-rich-text-format-boundary=\"true\">clique aqui<\/strong><\/a>, levando em considera\u00e7\u00e3o os seguintes aspetos:<\/p>\n<ul>\n<li>Gr\u00e1ficos ou ilustra\u00e7\u00f5es: inseridos no corpo da obra no local correspondente.<\/li>\n<li>Refer\u00eancias: ser\u00e3o especificadas no final do trabalho (n\u00e3o podendo exceder as 8 p\u00e1ginas previstas para o limite m\u00e1ximo dos trabalhos). As refer\u00eancias seguir\u00e3o em ordem alfab\u00e9tica pelo sobrenome dos autores, seguindo o formato APA (versi\u00f3n 7).<\/li>\n<\/ul>\n<p>Os trabalhos nas modalidades de comunica\u00e7\u00e3o ou de oficina ter\u00e3o um limite de 8 p\u00e1ginas (com as refer\u00eancias inclu\u00eddas).<\/p>\n<p>As atas ser\u00e3o publicadas online com o respectivo n\u00famero ISBN.<\/p>\n<p>Os trabalhos n\u00e3o podem ser submetidos eletronicamente em ficheiro que n\u00e3o pode exceder 10 MB<br \/>\nPara qualquer assunto ou d\u00favida pode contactar pelo e-mail <a href=\"mailto:iicig-coimbra@mat.uc.pt\">iicig-coimbra@mat.uc.pt<\/a><\/p>\n","protected":false},"excerpt":{"rendered":"<p>Prazos e normas: O prazo para envio de trabalhos termina em 30 de junho de 2025. Todas as notifica\u00e7\u00f5es sobre a avalia\u00e7\u00e3o pelo comit\u00e9 cient\u00edfico dos trabalhos apresentados ser\u00e3o feitas pela organiza\u00e7\u00e3o antes de 31 de julho de 2025. O n\u00famero m\u00e1ximo de autores que podem assinar um trabalho ser\u00e1 quatro. Os autores ter\u00e3o at\u00e9 [&hellip;]<\/p>\n","protected":false},"author":1,"featured_media":0,"parent":0,"menu_order":0,"comment_status":"closed","ping_status":"closed","template":"","meta":[],"_links":{"self":[{"href":"https:\/\/congresogeogebra.org\/index.php\/wp-json\/wp\/v2\/pages\/494"}],"collection":[{"href":"https:\/\/congresogeogebra.org\/index.php\/wp-json\/wp\/v2\/pages"}],"about":[{"href":"https:\/\/congresogeogebra.org\/index.php\/wp-json\/wp\/v2\/types\/page"}],"author":[{"embeddable":true,"href":"https:\/\/congresogeogebra.org\/index.php\/wp-json\/wp\/v2\/users\/1"}],"replies":[{"embeddable":true,"href":"https:\/\/congresogeogebra.org\/index.php\/wp-json\/wp\/v2\/comments?post=494"}],"version-history":[{"count":12,"href":"https:\/\/congresogeogebra.org\/index.php\/wp-json\/wp\/v2\/pages\/494\/revisions"}],"predecessor-version":[{"id":1996,"href":"https:\/\/congresogeogebra.org\/index.php\/wp-json\/wp\/v2\/pages\/494\/revisions\/1996"}],"wp:attachment":[{"href":"https:\/\/congresogeogebra.org\/index.php\/wp-json\/wp\/v2\/media?parent=494"}],"curies":[{"name":"wp","href":"https:\/\/api.w.org\/{rel}","templated":true}]}}