{"id":500,"date":"2020-01-14T14:02:33","date_gmt":"2020-01-14T12:02:33","guid":{"rendered":"http:\/\/congresogeogebra.org\/?page_id=500"},"modified":"2025-04-24T00:14:05","modified_gmt":"2025-04-23T22:14:05","slug":"comite-cientifico","status":"publish","type":"page","link":"https:\/\/congresogeogebra.org\/index.php\/pt\/comite-cientifico\/","title":{"rendered":"Comit\u00e9 Cient\u00edfico"},"content":{"rendered":"\n<p class=\"has-medium-font-size\"><strong>Comit\u00e9 cient\u00edfico<\/strong><\/p>\n\n\n\n<figure class=\"wp-block-table\"><table><tbody><tr><td><strong>Maria de Natividade<\/strong><\/td><td>Universidade Agostinho Neto<\/td><td>Angola<\/td><\/tr><tr><td><strong>Kengana Andre Jo\u00e3o<\/strong><\/td><td>Escola Superior Pedag\u00f3gica de Bengo<\/td><td>Angola<\/td><\/tr><tr><td><strong>Karina Rizzo<\/strong><\/td><td>Instituto Superior de Formaci\u00f3n Docente y T\u00e9cnica N\u00ba24<\/td><td>Argentina<\/td><\/tr><tr><td><strong>Zsolt Lavicza<\/strong><\/td><td>JKU &#8211; Johannes Kepler University Linz<\/td><td>\u00c1ustria<\/td><\/tr><tr><td><strong>Zolt\u00e1n Kov\u00e1cs<\/strong><\/td><td>Instituto Universit\u00e1rio Privado de Forma\u00e7\u00e3o de Professores da Diocese de Linz<\/td><td>\u00c1ustria<\/td><\/tr><tr><td><strong>Celina Abar<\/strong><\/td><td>Pontif\u00edcia Universidade Cat\u00f3lica de S\u00e3o Paulo<\/td><td>Brasil<\/td><\/tr><tr><td><strong>Jorge Cassio Costa Nobriga<\/strong><\/td><td>Universidade Federal de Santa Catarina<\/td><td>Brasil<\/td><\/tr><tr><td><strong>Luciana Prado Mouta Pena<\/strong><\/td><td>Universidade Federal Fulminense<\/td><td>Brasil<\/td><\/tr><tr><td><strong>Robert de Sousa<\/strong><\/td><td>Universidade de Cabo Verde<\/td><td>Cabo Verde<\/td><\/tr><tr><td><strong>Marco Vinicio V\u00e1squez Bernal<\/strong><\/td><td>Universidad Nacional de Educaci\u00f3n<\/td><td>Ecuador<\/td><\/tr><tr><td><strong>Cristina Naya<\/strong><\/td><td>Universidad de A Coru\u00f1a<\/td><td>Espanha<\/td><\/tr><tr><td><strong>Jos\u00e9 Antonio Armesto<\/strong><\/td><td>B.M.C. Durfee High School<\/td><td>Estados Unidos <\/td><\/tr><tr><td><strong>Jose Antonio Vallejo Rodrigues<\/strong><\/td><td>Universidad Nacional de Educaci\u00f3n a Distancia<\/td><td>Espanha<\/td><\/tr><tr><td><strong>Mario Fioravanti<\/strong><\/td><td>Instituto GeoGebra de Cantabria<\/td><td>Espanha<\/td><\/tr><tr><td><strong>Pilar Sabariego<\/strong><\/td><td>Consejer\u00eda de Educaci\u00f3n del Gobierno de Cantabria<\/td><td>Espanha<\/td><\/tr><tr><td><strong>Tomas Recio<\/strong><\/td><td>Universidas Antonio Nebrija<\/td><td>Espanha<\/td><\/tr><tr><td><strong>Kismiantini<\/strong><\/td><td>Universitas Negeri Yogyakarta<\/td><td>Indonesia<\/td><\/tr><tr><td><strong>Aldovanda Bata<\/strong><\/td><td>Universidade Pedag\u00f3gica de Maputo<\/td><td>Mo\u00e7ambique<\/td><\/tr><tr><td><strong>Ana Am\u00e9lia Carvalho<\/strong><\/td><td>Universidade de Coimbra<\/td><td>Portugal<\/td><\/tr><tr><td><strong>Helena Albuquerque<\/strong><\/td><td>Universidade de Coimbra<\/td><td>Portugal<\/td><\/tr><tr><td><strong>Jaime Carvalho e Silva<\/strong>&nbsp;<strong>(Presidente)<\/strong><\/td><td>Universidade de Coimbra<\/td><td>Portugal<\/td><\/tr><tr><td><strong>Jos\u00e9 Carlos Santos<\/strong><\/td><td>Universidade do Porto<\/td><td>Portugal<\/td><\/tr><tr><td><strong>Fabi\u00e1n Vitabar<\/strong><\/td><td>Consejo de Formaci\u00f3n en Educaci\u00f3n &#8211; ANEP<\/td><td>Uruguai<\/td><\/tr><\/tbody><\/table><\/figure>\n\n\n\n<p><\/p>\n","protected":false},"excerpt":{"rendered":"<p>Comit\u00e9 cient\u00edfico Maria de Natividade Universidade Agostinho Neto Angola Kengana Andre Jo\u00e3o Escola Superior Pedag\u00f3gica de Bengo Angola Karina Rizzo Instituto Superior de Formaci\u00f3n Docente y T\u00e9cnica N\u00ba24 Argentina Zsolt Lavicza JKU &#8211; Johannes Kepler University Linz \u00c1ustria Zolt\u00e1n Kov\u00e1cs Instituto Universit\u00e1rio Privado de Forma\u00e7\u00e3o de Professores da Diocese de Linz \u00c1ustria Celina Abar Pontif\u00edcia [&hellip;]<\/p>\n","protected":false},"author":1,"featured_media":0,"parent":0,"menu_order":0,"comment_status":"closed","ping_status":"closed","template":"","meta":[],"_links":{"self":[{"href":"https:\/\/congresogeogebra.org\/index.php\/wp-json\/wp\/v2\/pages\/500"}],"collection":[{"href":"https:\/\/congresogeogebra.org\/index.php\/wp-json\/wp\/v2\/pages"}],"about":[{"href":"https:\/\/congresogeogebra.org\/index.php\/wp-json\/wp\/v2\/types\/page"}],"author":[{"embeddable":true,"href":"https:\/\/congresogeogebra.org\/index.php\/wp-json\/wp\/v2\/users\/1"}],"replies":[{"embeddable":true,"href":"https:\/\/congresogeogebra.org\/index.php\/wp-json\/wp\/v2\/comments?post=500"}],"version-history":[{"count":9,"href":"https:\/\/congresogeogebra.org\/index.php\/wp-json\/wp\/v2\/pages\/500\/revisions"}],"predecessor-version":[{"id":1955,"href":"https:\/\/congresogeogebra.org\/index.php\/wp-json\/wp\/v2\/pages\/500\/revisions\/1955"}],"wp:attachment":[{"href":"https:\/\/congresogeogebra.org\/index.php\/wp-json\/wp\/v2\/media?parent=500"}],"curies":[{"name":"wp","href":"https:\/\/api.w.org\/{rel}","templated":true}]}}

Comité Científico

<p class="has-medium-font-size"><strong>Comité científico</strong></p>



<figure class="wp-block-table"><table><tbody><tr><td><strong>Maria de Natividade</strong></td><td>Universidade Agostinho Neto</td><td>Angola</td></tr><tr><td><strong>Kengana Andre João</strong></td><td>Escola Superior Pedagógica de Bengo</td><td>Angola</td></tr><tr><td><strong>Karina Rizzo</strong></td><td>Instituto Superior de Formación Docente y Técnica Nº24</td><td>Argentina</td></tr><tr><td><strong>Zsolt Lavicza</strong></td><td>JKU &#8211; Johannes Kepler University Linz</td><td>Áustria</td></tr><tr><td><strong>Zoltán Kovács</strong></td><td>Instituto Universitário Privado de Formação de Professores da Diocese de Linz</td><td>Áustria</td></tr><tr><td><strong>Celina Abar</strong></td><td>Pontifícia Universidade Católica de São Paulo</td><td>Brasil</td></tr><tr><td><strong>Jorge Cassio Costa Nobriga</strong></td><td>Universidade Federal de Santa Catarina</td><td>Brasil</td></tr><tr><td><strong>Luciana Prado Mouta Pena</strong></td><td>Universidade Federal Fulminense</td><td>Brasil</td></tr><tr><td><strong>Robert de Sousa</strong></td><td>Universidade de Cabo Verde</td><td>Cabo Verde</td></tr><tr><td><strong>Marco Vinicio Vásquez Bernal</strong></td><td>Universidad Nacional de Educación</td><td>Ecuador</td></tr><tr><td><strong>Cristina Naya</strong></td><td>Universidad de A Coruña</td><td>Espanha</td></tr><tr><td><strong>José Antonio Armesto</strong></td><td>B.M.C. Durfee High School</td><td>Estados Unidos </td></tr><tr><td><strong>Jose Antonio Vallejo Rodrigues</strong></td><td>Universidad Nacional de Educación a Distancia</td><td>Espanha</td></tr><tr><td><strong>Mario Fioravanti</strong></td><td>Instituto GeoGebra de Cantabria</td><td>Espanha</td></tr><tr><td><strong>Pilar Sabariego</strong></td><td>Consejería de Educación del Gobierno de Cantabria</td><td>Espanha</td></tr><tr><td><strong>Tomas Recio</strong></td><td>Universidas Antonio Nebrija</td><td>Espanha</td></tr><tr><td><strong>Kismiantini</strong></td><td>Universitas Negeri Yogyakarta</td><td>Indonesia</td></tr><tr><td><strong>Aldovanda Bata</strong></td><td>Universidade Pedagógica de Maputo</td><td>Moçambique</td></tr><tr><td><strong>Ana Amélia Carvalho</strong></td><td>Universidade de Coimbra</td><td>Portugal</td></tr><tr><td><strong>Helena Albuquerque</strong></td><td>Universidade de Coimbra</td><td>Portugal</td></tr><tr><td><strong>Jaime Carvalho e Silva</strong>&nbsp;<strong>(Presidente)</strong></td><td>Universidade de Coimbra</td><td>Portugal</td></tr><tr><td><strong>José Carlos Santos</strong></td><td>Universidade do Porto</td><td>Portugal</td></tr><tr><td><strong>Fabián Vitabar</strong></td><td>Consejo de Formación en Educación &#8211; ANEP</td><td>Uruguai</td></tr></tbody></table></figure>



<p></p>

<p>Comité científico Maria de Natividade Universidade Agostinho Neto Angola Kengana Andre João Escola Superior Pedagógica de Bengo Angola Karina Rizzo Instituto Superior de Formación Docente y Técnica Nº24 Argentina Zsolt Lavicza JKU &#8211; Johannes Kepler University Linz Áustria Zoltán Kovács Instituto Universitário Privado de Formação de Professores da Diocese de Linz Áustria Celina Abar Pontifícia [&hellip;]</p>
