{"id":538,"date":"2020-01-14T14:34:41","date_gmt":"2020-01-14T12:34:41","guid":{"rendered":"http:\/\/congresogeogebra.org\/?page_id=538"},"modified":"2025-07-02T21:17:06","modified_gmt":"2025-07-02T19:17:06","slug":"inscricao-2","status":"publish","type":"page","link":"https:\/\/congresogeogebra.org\/index.php\/pt\/inscricao-2\/","title":{"rendered":"Formul\u00e1rio Inscri\u00e7\u00e3o"},"content":{"rendered":"<style>.page-header-content{background:transparent !important;vertical-align: bottom;}header.sabbi-page-header{min-height: 2.5vw !important;height: 2.5vw !important;}<\/style>\n\n\nPara se inscrever, os participantes devem preencher o seguinte formul\u00e1rio. Al\u00e9m disso, os participantes que desejam enviar uma comunica\u00e7\u00e3o devem preencher o <a href=\"http:\/\/congresogeogebra.org\/index.php\/presentacion-de-trabajos\/\">formul\u00e1rio Apresenta\u00e7\u00e3o de trabalhos<\/a>.\n<br><br>\n<iframe loading=\"lazy\" src=\"https:\/\/docs.google.com\/forms\/d\/e\/1FAIpQLSf71v9-246Tx9AekqKJCx2EwlLlMgWc6xHKPVqVHd6BAGMTyw\/viewform?embedded=true\" width=\"640\" height=\"1500\" frameborder=\"0\" marginheight=\"0\" marginwidth=\"0\">A carregar\u2026<\/iframe>\n","protected":false},"excerpt":{"rendered":"<p>Para se inscrever, os participantes devem preencher o seguinte formul\u00e1rio. Al\u00e9m disso, os participantes que desejam enviar uma comunica\u00e7\u00e3o devem preencher o formul\u00e1rio Apresenta\u00e7\u00e3o de trabalhos. A carregar\u2026<\/p>\n","protected":false},"author":1,"featured_media":0,"parent":0,"menu_order":0,"comment_status":"closed","ping_status":"closed","template":"","meta":[],"_links":{"self":[{"href":"https:\/\/congresogeogebra.org\/index.php\/wp-json\/wp\/v2\/pages\/538"}],"collection":[{"href":"https:\/\/congresogeogebra.org\/index.php\/wp-json\/wp\/v2\/pages"}],"about":[{"href":"https:\/\/congresogeogebra.org\/index.php\/wp-json\/wp\/v2\/types\/page"}],"author":[{"embeddable":true,"href":"https:\/\/congresogeogebra.org\/index.php\/wp-json\/wp\/v2\/users\/1"}],"replies":[{"embeddable":true,"href":"https:\/\/congresogeogebra.org\/index.php\/wp-json\/wp\/v2\/comments?post=538"}],"version-history":[{"count":8,"href":"https:\/\/congresogeogebra.org\/index.php\/wp-json\/wp\/v2\/pages\/538\/revisions"}],"predecessor-version":[{"id":2014,"href":"https:\/\/congresogeogebra.org\/index.php\/wp-json\/wp\/v2\/pages\/538\/revisions\/2014"}],"wp:attachment":[{"href":"https:\/\/congresogeogebra.org\/index.php\/wp-json\/wp\/v2\/media?parent=538"}],"curies":[{"name":"wp","href":"https:\/\/api.w.org\/{rel}","templated":true}]}}