{"id":616,"date":"2020-03-07T22:30:34","date_gmt":"2020-03-07T20:30:34","guid":{"rendered":"http:\/\/congresogeogebra.org\/?page_id=616"},"modified":"2023-03-31T08:56:24","modified_gmt":"2023-03-31T06:56:24","slug":"partners","status":"publish","type":"page","link":"https:\/\/congresogeogebra.org\/index.php\/en\/partners\/","title":{"rendered":"Partners"},"content":{"rendered":"<style>.page-header-content{background:transparent !important;vertical-align: bottom;}header.sabbi-page-header{min-height: 2.5vw !important;height: 2.5vw !important;}<\/style>\n<table class=\"tablapatrocinio\">\n<tbody>\n<tr>\n<td class=\"tdimagen\" width=\"20%\"><a href=\"http:\/\/www.educacionyfp.gob.es\/portada.html\" target=\"_blank\" rel=\"noopener noreferrer\"><img class=\"\" src=\"http:\/\/congresogeogebra.org\/wp-content\/uploads\/2020\/03\/logotipo-Ministerio-Educaci\u00f3n.png\" \/><\/a><\/td>\n<td class=\"tdtitulo\"><a href=\"http:\/\/www.educacionyfp.gob.es\/portada.html\" target=\"_blank\" rel=\"noopener noreferrer\">Ministerio de Educaci\u00f3n y Formaci\u00f3n Profesional<\/a><\/td>\n<td class=\"tdimagen\" width=\"20%\"><a href=\"http:\/\/www.uco.es\" target=\"_blank\" rel=\"noopener noreferrer\"><img class=\"\" src=\"http:\/\/congresogeogebra.org\/wp-content\/uploads\/2023\/03\/uco.png\" \/><\/a><\/td>\n<td class=\"tdtitulo\"><a href=\"http:\/\/www.uco.es\" target=\"_blank\" rel=\"noopener noreferrer\">Universidad de C\u00f3rdoba<\/a><\/td>\n<\/tr>\n<\/tbody>\n<\/table>\n","protected":false},"excerpt":{"rendered":"<p>Ministerio de Educaci\u00f3n y Formaci\u00f3n Profesional Universidad de C\u00f3rdoba<\/p>\n","protected":false},"author":1,"featured_media":0,"parent":0,"menu_order":0,"comment_status":"closed","ping_status":"closed","template":"","meta":[],"_links":{"self":[{"href":"https:\/\/congresogeogebra.org\/index.php\/wp-json\/wp\/v2\/pages\/616"}],"collection":[{"href":"https:\/\/congresogeogebra.org\/index.php\/wp-json\/wp\/v2\/pages"}],"about":[{"href":"https:\/\/congresogeogebra.org\/index.php\/wp-json\/wp\/v2\/types\/page"}],"author":[{"embeddable":true,"href":"https:\/\/congresogeogebra.org\/index.php\/wp-json\/wp\/v2\/users\/1"}],"replies":[{"embeddable":true,"href":"https:\/\/congresogeogebra.org\/index.php\/wp-json\/wp\/v2\/comments?post=616"}],"version-history":[{"count":8,"href":"https:\/\/congresogeogebra.org\/index.php\/wp-json\/wp\/v2\/pages\/616\/revisions"}],"predecessor-version":[{"id":1368,"href":"https:\/\/congresogeogebra.org\/index.php\/wp-json\/wp\/v2\/pages\/616\/revisions\/1368"}],"wp:attachment":[{"href":"https:\/\/congresogeogebra.org\/index.php\/wp-json\/wp\/v2\/media?parent=616"}],"curies":[{"name":"wp","href":"https:\/\/api.w.org\/{rel}","templated":true}]}}

<style>.page-header-content{background:transparent !important;vertical-align: bottom;}header.sabbi-page-header{min-height: 2.5vw !important;height: 2.5vw !important;}</style>
<table class="tablapatrocinio">
<tbody>
<tr>
<td class="tdimagen" width="20%"><a href="http://www.educacionyfp.gob.es/portada.html" target="_blank" rel="noopener noreferrer"><img class="" src="http://congresogeogebra.org/wp-content/uploads/2020/03/logotipo-Ministerio-Educación.png" /></a></td>
<td class="tdtitulo"><a href="http://www.educacionyfp.gob.es/portada.html" target="_blank" rel="noopener noreferrer">Ministerio de Educación y Formación Profesional</a></td>
<td class="tdimagen" width="20%"><a href="http://www.uco.es" target="_blank" rel="noopener noreferrer"><img class="" src="http://congresogeogebra.org/wp-content/uploads/2023/03/uco.png" /></a></td>
<td class="tdtitulo"><a href="http://www.uco.es" target="_blank" rel="noopener noreferrer">Universidad de Córdoba</a></td>
</tr>
</tbody>
</table>

<p>Ministerio de Educación y Formación Profesional Universidad de Córdoba</p>
